{"id":294,"date":"2015-10-05T16:34:35","date_gmt":"2015-10-05T15:34:35","guid":{"rendered":"http:\/\/azzurroticino.it\/?page_id=294"},"modified":"2024-08-14T08:46:08","modified_gmt":"2024-08-14T07:46:08","slug":"album-eventi","status":"publish","type":"page","link":"https:\/\/azzurroticino.it\/?page_id=294","title":{"rendered":"I MIEI EVENTI"},"content":{"rendered":"<h5>27 LUGLIO 2024<\/h5>\n<h3>ANIMAZIONE A SANTA CATERINA VALFURVA PER RICORDARE ACHILLE COMPAGNONI E I 70 ANNI DELLA CONQUISTA ITALIANA DEL K2 CON L&#8217;AMICO RENATO VERONA . . .\u00a0<\/h3>\n<p><a href=\"https:\/\/www.youtube.com\/watch?v=bJAedn9ZqfA\">https:\/\/www.youtube.com\/watch?v=bJAedn9ZqfA<\/a><\/p>\n\n\n<div class=\"wp-block-file\"><a href=\"https:\/\/azzurroticino.it\/wp-content\/uploads\/2024\/08\/PRESA-IN-CARICO-DEL-CRONICO-rev1.pptx\"><strong>4 MARZO 2024<\/strong><br><br>IL CAPOGRUPPO DI FRATELLI D&#8217;ITALIA IN REGIONE LOMBARDIA ORGANIZZA UN CONVEGNO SULLA EVOLUZIONE DEL SISTEMA DI PRESA IN CARICO DEL CRONICO . . . RELAZIONO COME COORDINATORE REGIONALE DEL DIPARTIMENTO DELLE POLITICHE SOCIALI DI FRATELLI D&#8217;ITALIA<br><br><strong>PRESA-IN-CARICO-DEL-CRONICO-rev1<\/strong><\/a><a href=\"https:\/\/azzurroticino.it\/wp-content\/uploads\/2024\/08\/PRESA-IN-CARICO-DEL-CRONICO-rev1.pptx\" class=\"wp-block-file__button\" download>Download<\/a><\/div>\n\n\n\n<figure class=\"wp-block-image size-large\"><img fetchpriority=\"high\" decoding=\"async\" width=\"540\" height=\"498\" src=\"https:\/\/azzurroticino.it\/wp-content\/uploads\/2024\/08\/PRESENTAZIONE-MILANO.jpg\" alt=\"\" class=\"wp-image-735\" srcset=\"https:\/\/azzurroticino.it\/wp-content\/uploads\/2024\/08\/PRESENTAZIONE-MILANO.jpg 540w, https:\/\/azzurroticino.it\/wp-content\/uploads\/2024\/08\/PRESENTAZIONE-MILANO-300x277.jpg 300w\" sizes=\"(max-width: 540px) 100vw, 540px\" \/><\/figure>\n\n\n\n<div class=\"wp-block-group\"><div class=\"wp-block-group__inner-container is-layout-flow wp-block-group-is-layout-flow\">\n<div class=\"wp-block-file\"><a href=\"https:\/\/azzurroticino.it\/wp-content\/uploads\/2024\/08\/I-LUOGHI-COMUNI-DEL-MAIN-STREAM.pptx\"><br><span class=\"has-inline-color has-vivid-red-color\"><strong>5 MAGGIO 2024<\/strong><\/span><br><br>IN OCCASIONE DELLE ELEZIONI EUROPEE E AMMINISTRATIVE, CONFERENZA SUI DANNI DELLA PROPAGANDA DEI KOMPAGNI SU SEPARAZIONE, ABORTO, EUTANASIA, DROGALIBERA . . . QUI SOTTO LE SLIDES . . .&nbsp;<br><br><br><strong>I-LUOGHI-COMUNI-DEL-MAIN-STREAM<\/strong><\/a><a href=\"https:\/\/azzurroticino.it\/wp-content\/uploads\/2024\/08\/I-LUOGHI-COMUNI-DEL-MAIN-STREAM.pptx\" class=\"wp-block-file__button\" download>Download<\/a><\/div>\n\n\n\n<h5>8 MAGGIO 2020<\/h5>\n<p><a href=\"http:\/\/azzurroticino.it\/wp-content\/uploads\/2020\/04\/SOSTENGOSUBITO.jpg\"><img decoding=\"async\" class=\"alignnone size-full wp-image-429\" src=\"http:\/\/azzurroticino.it\/wp-content\/uploads\/2020\/04\/SOSTENGOSUBITO.jpg\" alt=\"\" width=\"500\" height=\"620\" srcset=\"https:\/\/azzurroticino.it\/wp-content\/uploads\/2020\/04\/SOSTENGOSUBITO.jpg 500w, https:\/\/azzurroticino.it\/wp-content\/uploads\/2020\/04\/SOSTENGOSUBITO-242x300.jpg 242w\" sizes=\"(max-width: 500px) 100vw, 500px\" \/><\/a><\/p>\n<p>. . .&nbsp; Con l&#8217;aiuto di tutti i colleghi medici, psicologi, assistenti sociali, infermieri, educatori, ostetriche dei consultori famigliari dell&#8217;azienda, abbiamo realizzato un servizio d&#8217;ascolto e di sostegno per cittadini e famiglie impegnati nella battaglia quotidiana di questo tempo contro il virus e le sue conseguenze.<\/p>\n<p>In psicoterapia si dice che la richiesta di aiuto \u00e8 gi\u00e0 una guarigione a met\u00e0 . . Quindi gi\u00e0 il fatto di sollevare la cornetta e segnalare il proprio bisogno, di qualsiasi natura esso sia, indica una voglia, un desiderio di cambiamento, di reazione . . . E ogni telefonata che riceviamo, noi che sappiamo che importanza ha la richiesta d&#8217;aiuto, ci riempie il cuore di gioia e di speranza. . .<\/p>\n<p>Se riusciamo a dare una risposta immediata bene, altrimenti ci facciamo lasciare nome, numero di telefono e trasferiamo il bisogno a chi riteniamo possa rispondere al meglio . . .<\/p>\n<p>Prevediamo un progressivo passaggio da una richiesta di carattere e contenuto informativo ad una richiesta di sostegno che ruota intorno a due parole chiave, che se vengono pronunciate ci forniscono il segnale per passare dal triage all&#8217;approfondimento psicologico e le parole sono ANSIA e STRESS . . . Sono per uno psicologo quello che la velocit\u00e0 di eritrosedimentazione \u00e8 il segnale della presenza di una infezione per il medico . . .<\/p>\n<p>Il percorso in andata dallo stato percepito di equilibrio al malessere psicologico \u00e8 standard : 1) la persona progressivamente rallenta o interrompe la comunicazione (reale o virtuale) 2) la mente escogita altri sistemi di comunicazione che in termine tecnico si chiamano SINTOMI che sono molto pi\u00f9 costosi e meno efficaci della comunicazione simbolica e che a lungo andare aumentano il malessere anzich\u00e8 diminuirlo . . . 3) L&#8217;ingaggio di qualsiasi sistema di cura \u00e8 far fare a ritroso il percorso dal SINTOMO alla COMUNICAZIONE VERBALE.<\/p>\n<p>Al telefono cerco di esplorare l&#8217;area sintomatica : \u00e8 come visitare i diversi locali di casa, si comincia dalla camera da letto, se ci sono squilibri nel ritmo neurovegetativo : l&#8217;alternanza dei meccanismi di sonno e veglio, poi si passa in cucina : se ci sono variazioni nell&#8217;alimentazione, poi nel bagno : se ci sono variazione nelle funzioni di minzione, defecazione, cura della pulizia personale . . . poi nello studio, nella sala giochi, nella stanza di lavoro . . . per finire alla trasformazione delle relazioni sia di prima sia di seconda fascia . . . A volte basta una seduta (una telefona, una videochiamata) a riattivare l&#8217;interesse verso la comunicazione umana, altre volte il percorso \u00e8 pi\u00f9 lungo . . . e alla fine dell&#8217;emergenza pu\u00f2 trasformarsi da un aiuto DA REMOTO ad un aiuto in STUDIO . . .<\/p>\n<p>Io ne approfitterei . . . tanto pi\u00f9 che lo paga la mutua . . .<\/p>\n<h5><strong>20 MARZO 2016<\/strong><\/h5>\n<p>. . . Ieri mattina mi telefona uno pseudogiornalista per avere un mio commento . . . Gli ho chiesto cosa avrebbe provato se avessero fatto una diagnosi severa al suo pap\u00e0 e se la fosse ritrovata su un giornale&#8230; Mi ha riattaccato . . .<\/p>\n<header class=\"middle-img\">\n<h1>Tangenti sanit\u00e0: &#8220;Mantovani \u00e8 depresso, liberatelo: deve curarsi con il volo in parapendio&#8221;<\/h1>\n<figure><img decoding=\"async\" src=\"http:\/\/www.repstatic.it\/content\/localirep\/img\/rep-milano\/2016\/03\/18\/212043511-007d0c8d-12f6-4b1e-b6e2-e65454c190de.jpg\" alt=\"Tangenti sanit\u00e0: &quot;Mantovani \u00e8 depresso, liberatelo: deve curarsi con il volo in parapendio&quot;\"><figcaption>Mario Mantovani&nbsp;<\/figcaption><\/figure>\n<p class=\"summary\">di SANDRO DE RICCARDIS<\/p>\n<p class=\"summary\">Richiesta della difesa dell&#8217;ex assessore che prescrive come terapia &#8220;tre uscite in parapendio biposto le domeniche di marzo e aprile&#8221;. Il giudice respinge: &#8220;Pu\u00f2 ancora inquinare le prove&#8221;<\/p>\n<\/header>\n<div class=\"main-content\">\n<div class=\"body-text\">\n<p>&#8220;Un&#8217;esperienza di volo libero&#8221;. Dopo quaranta giorni a San Vittore, <a href=\"http:\/\/milano.repubblica.it\/cronaca\/2016\/01\/07\/news\/tangenti_sanita_mantovani-130800382\/\">quasi tre mesi agli arresti domiciliari<\/a> e diverse istanze di scarcerazione tutte rigettate, l&#8217;ex senatore ed <a href=\"http:\/\/milano.repubblica.it\/cronaca\/2015\/12\/01\/news\/milano_mantovani-128575167\/\">ex vicepresidente della Regione Mario Mantovani<\/a> ha chiesto nuovamente di tornare libero. Questa volta, con una proposta decisamente originale, &#8220;la necessit\u00e0 di una particolare terapia &#8211; scrive uno dei suoi legali, l&#8217;avvocato Roberto Lassini &#8211; sostanziantesi nel cosidetto &#8220;volo libero&#8221;&#8221;. Secondo la difesa del politico, in carcere per una serie di appalti pilotati nella sanit\u00e0 lombarda e nel feudo elettorale di Arconate, &#8220;l&#8217;asprezza della misura cautelare ha profondamente segnato l&#8217;imputato, tanto da rilevarne allarmanti segnali contrassegnati da &#8220;un immaginario autolesionistico e suicidiale&#8221;&#8221;.<\/p>\n<section id=\"inline_135808553\" class=\"inline-photo\"><\/section>\n<p>L&#8217;avvocato allega la certificazione medica di uno psicoterapeuta, Angelo Carlo Garavaglia, solo omonimo dell&#8217;assessore regionale all&#8217;Economia, il leghista Massimo Garavaglia, imputato insieme a Mantovani. Il medico ha elaborato una teoria, come scrive sul proprio sito internet, sul &#8220;volo come cura della depressione endogena&#8221;. E avendo gi\u00e0 in cura il politico ai domiciliari, ha redatto una consulenza che accompagna la richiesta di revoca della misura. &#8220;Le sedute bisettimanali per il mese in corso con il paziente \u00e8 prevedibile che possano portare a qualche beneficio nel medio termine, mentre mi sembra necessario sostenere il paziente nell&#8217;immediato&#8221;, scrive lo psicologo.<br>Per questo, scrive, &#8220;propongo come coadiuvante del trattamento psicologico una esperienza di volo libero&#8221;. Garavaglia allega alla consulenza anche il suo brevetto di volo, e si propone di condurre in volo lui stesso l&#8217;ex senatore. Specifica di essere oltre che &#8220;psicologo e psicoterapeuta, anche pilota abilitato al trasporto di passeggeri con apparecchi privi di motore&#8221;, di aver &#8220;utilmente sottoposto a questa metodica per tre sedute, il pi\u00f9 possibile vicine nel tempo, i pazienti in acuzie depressiva, ottenendo risultati estremamente positivi&#8221;, dato che &#8220;la pratica riattiva e stabilizza la produzione di adrenalina&#8221;. Ed ecco la proposta per l&#8217;ex senatore: &#8220;Compiere tre voli in parapendio biposto condotto dal sottoscritto presso il campo scuola di Suello, provincia di Lecco, le domeniche di marzo e aprile&#8221;.<br>Ma la proposta del dottor Garavaglia non ha avuto successo in tribunale. Il gup Gennaro Mastrangelo ha respinto la richiesta dell&#8217;imputato, e anche il pm Giovanni Polizzi ha espresso parere negativo alla revoca dei domiciliari. Mantovani &#8211; ha argomentato la procura &#8211; \u00e8 solo sospeso dalla carica di consigliere regionale, e tornerebbe in carica appena gli arresti dovessero essere revocati. In pi\u00f9, pu\u00f2 ancora inquinare le prove e reiterare il reato, conservando intatta la propria rete di relazioni e potendo concordare la linea difensiva con gli altri imputati.<\/p>\n<\/div>\n<\/div>\n<h5>&nbsp;<\/h5>\n<h5 style=\"text-align: justify;\"><strong>1 MARZO 2016 <\/strong><\/h5>\n<h2 style=\"text-align: justify;\"><strong>800 CHILOMETRI PER ABORTIRE \u2013 IL 70% DI GINECOLOGI E INFERMIERI OBBIETTORI DI COSCIENZA<\/strong><\/h2>\n<p style=\"text-align: justify;\">CARI AMICI,<\/p>\n<p style=\"text-align: justify;\">E\u2019 comparso stamattina sulla stampa dei compagni un articolo piccato in cui si lamenta che una donna ha dovuto fare 800 chilometri per trovare un ospedale in cui abortire, denunciando con sdegno che il 70% fra ostetriche e ginecologi sono obbiettori di coscienza.<\/p>\n<p style=\"text-align: justify;\">Il risentimento \u00e8 figlio di un falso credo che i cattivi maestri hanno seminato ad arte per decenni e che fortunatamente le donne, gli infermieri e i ginecologi hanno cominciato a ribellarsi : il luogo comune che abortire \u00e8 come acqua fresca ed \u00e8 come fare un normale intervento chirurgico.<\/p>\n<p style=\"text-align: justify;\">Magari la falsa coscienza pu\u00f2 autoconvincersi di questo . . . ma l\u2019inconscio, il sostrato biologico registra che si tratta di sopprimere una vita e, anche senza volerlo entrano in funzione i meccanismi del senso di colpa inconscio.<\/p>\n<p style=\"text-align: justify;\">La donna sottoposta al lavaggio del cervello dei cattivi maestri cerca di auto convincersi che ci\u00f2 che ha fatto non \u00e8 poi cos\u00ec terribile, ma questo non fa altro che INCISTARE l\u2019evento luttuoso, e siccome nella mente quello che viene negato si ingigantisce, ecco a distanza di mesi o di anni che il fantasma esplode nella mente . . .<\/p>\n<p style=\"text-align: justify;\">Il ginecologo e l\u2019ostetrica che praticano l\u2019aborto come un normale intervento chirurgico, non si accorgono che il loro inconscio lo registra invece come la soppressione di una vita . . . Non si avvedono di collezionare una serie di fantasmi nella mente che si trasformano inizialmente in burn out, fino a sfociare in sofferenze che interessano tutte le aree della personalit\u00e0.<\/p>\n<p style=\"text-align: justify;\">Ginecologi e infermieri, pur non essendo cresciuti alla scuola di Melanie Klein, hanno percepito la pericolosit\u00e0 dell\u2019azione e vi hanno reagito con l\u2019unico strumento di autotutela a disposizione . . .<\/p>\n<p style=\"text-align: justify;\">E\u2019 per questo che la decisione dell\u2019obbiezione non solo deve essere rispettata, ma merita sempre pi\u00f9 di essere studiata e compresa . . .<\/p>\n<h5><strong>26 GENNAIO 2016&nbsp; <\/strong><\/h5>\n<h2><strong>L&#8217;ULTIMO SALUTO ALL&#8217;AMICO ALFONSO GULIN . . .<\/strong><\/h2>\n<p><a href=\"http:\/\/azzurroticino.it\/wp-content\/uploads\/2015\/10\/ALFONSO-2.jpg\" rel=\"attachment wp-att-319\"><img decoding=\"async\" class=\"alignnone size-full wp-image-319\" src=\"http:\/\/azzurroticino.it\/wp-content\/uploads\/2015\/10\/ALFONSO-2.jpg\" alt=\"ALFONSO 2\" width=\"249\" height=\"320\" srcset=\"https:\/\/azzurroticino.it\/wp-content\/uploads\/2015\/10\/ALFONSO-2.jpg 249w, https:\/\/azzurroticino.it\/wp-content\/uploads\/2015\/10\/ALFONSO-2-233x300.jpg 233w\" sizes=\"(max-width: 249px) 100vw, 249px\" \/><\/a><\/p>\n<h5><strong><span style=\"color: #003366;\">10 OTTOBRE 2015<\/span><\/strong><\/h5>\n<h2><strong><span style=\"color: #003366;\">CON GLI AMICI DELLA VALTELLINA . . . ANIMAZIONE ALL&#8217;HOTEL CHIAREGGIO&nbsp;<\/span><\/strong><\/h2>\n<p><a href=\"http:\/\/azzurroticino.it\/wp-content\/uploads\/2015\/10\/ANIMAZIONE-ANGELO.jpg\"><img loading=\"lazy\" decoding=\"async\" class=\"alignnone wp-image-309\" src=\"http:\/\/azzurroticino.it\/wp-content\/uploads\/2015\/10\/ANIMAZIONE-ANGELO.jpg\" alt=\"ANIMAZIONE ANGELO\" width=\"343\" height=\"318\" srcset=\"https:\/\/azzurroticino.it\/wp-content\/uploads\/2015\/10\/ANIMAZIONE-ANGELO.jpg 357w, https:\/\/azzurroticino.it\/wp-content\/uploads\/2015\/10\/ANIMAZIONE-ANGELO-300x278.jpg 300w\" sizes=\"(max-width: 343px) 100vw, 343px\" \/><\/a><\/p>\n<h5><strong>8 SETTEMBRE 2015&nbsp; <\/strong><\/h5>\n<h2><strong>VOLO A CARNALE CON L&#8217;AMICO RENATO MALAGUTI<\/strong><\/h2>\n<p><a href=\"http:\/\/azzurroticino.it\/wp-content\/uploads\/2015\/10\/IMG_0988.jpg\"><img loading=\"lazy\" decoding=\"async\" class=\"alignnone wp-image-295\" src=\"http:\/\/azzurroticino.it\/wp-content\/uploads\/2015\/10\/IMG_0988-1024x768.jpg\" alt=\"IMG_0988\" width=\"340\" height=\"255\" srcset=\"https:\/\/azzurroticino.it\/wp-content\/uploads\/2015\/10\/IMG_0988-1024x768.jpg 1024w, https:\/\/azzurroticino.it\/wp-content\/uploads\/2015\/10\/IMG_0988-300x225.jpg 300w, https:\/\/azzurroticino.it\/wp-content\/uploads\/2015\/10\/IMG_0988.jpg 1600w\" sizes=\"(max-width: 340px) 100vw, 340px\" \/><\/a><\/p>\n<h5><strong>10 SETTEMBRE 2015&nbsp; <\/strong><\/h5>\n<h2><strong>ANIMAZIONE HOTEL VALTELLINA LIVIGNO<\/strong><\/h2>\n<p><a href=\"http:\/\/azzurroticino.it\/wp-content\/uploads\/2015\/10\/IMG_1005.jpg\"><img loading=\"lazy\" decoding=\"async\" class=\"alignnone wp-image-296\" src=\"http:\/\/azzurroticino.it\/wp-content\/uploads\/2015\/10\/IMG_1005-768x1024.jpg\" alt=\"IMG_1005\" width=\"344\" height=\"458\" srcset=\"https:\/\/azzurroticino.it\/wp-content\/uploads\/2015\/10\/IMG_1005-768x1024.jpg 768w, https:\/\/azzurroticino.it\/wp-content\/uploads\/2015\/10\/IMG_1005-225x300.jpg 225w\" sizes=\"(max-width: 344px) 100vw, 344px\" \/><\/a><\/p>\n<h5><strong>S. NATALE 2014&nbsp; <\/strong><\/h5>\n<h2><strong>RICEVIMENTO IN PREFETTURA&nbsp; &#8211; IL QUESTORE E LA DIREZIONE STRATEGICA DELLA ASL DI SONDRIO<\/strong><\/h2>\n<p><a href=\"http:\/\/azzurroticino.it\/wp-content\/uploads\/2015\/10\/IMG_7777.jpg\"><img loading=\"lazy\" decoding=\"async\" class=\"alignnone wp-image-297\" src=\"http:\/\/azzurroticino.it\/wp-content\/uploads\/2015\/10\/IMG_7777-1024x768.jpg\" alt=\"IMG_7777\" width=\"348\" height=\"260\" srcset=\"https:\/\/azzurroticino.it\/wp-content\/uploads\/2015\/10\/IMG_7777-1024x768.jpg 1024w, https:\/\/azzurroticino.it\/wp-content\/uploads\/2015\/10\/IMG_7777-300x225.jpg 300w\" sizes=\"(max-width: 348px) 100vw, 348px\" \/><\/a><\/p>\n<\/div><\/div>\n","protected":false},"excerpt":{"rendered":"<p>27 LUGLIO 2024 ANIMAZIONE A SANTA CATERINA VALFURVA PER RICORDARE ACHILLE COMPAGNONI E I 70 ANNI DELLA CONQUISTA ITALIANA DEL K2 CON L&#8217;AMICO RENATO VERONA . . .\u00a0 https:\/\/www.youtube.com\/watch?v=bJAedn9ZqfA 8 MAGGIO 2020 . . .&nbsp; Con l&#8217;aiuto di tutti i colleghi medici, psicologi, assistenti sociali, infermieri, educatori, ostetriche dei consultori famigliari dell&#8217;azienda, abbiamo realizzato un [&hellip;]<\/p>\n","protected":false},"author":2,"featured_media":309,"parent":0,"menu_order":0,"comment_status":"open","ping_status":"open","template":"","meta":{"footnotes":""},"class_list":["post-294","page","type-page","status-publish","has-post-thumbnail","hentry"],"_links":{"self":[{"href":"https:\/\/azzurroticino.it\/index.php?rest_route=\/wp\/v2\/pages\/294","targetHints":{"allow":["GET"]}}],"collection":[{"href":"https:\/\/azzurroticino.it\/index.php?rest_route=\/wp\/v2\/pages"}],"about":[{"href":"https:\/\/azzurroticino.it\/index.php?rest_route=\/wp\/v2\/types\/page"}],"author":[{"embeddable":true,"href":"https:\/\/azzurroticino.it\/index.php?rest_route=\/wp\/v2\/users\/2"}],"replies":[{"embeddable":true,"href":"https:\/\/azzurroticino.it\/index.php?rest_route=%2Fwp%2Fv2%2Fcomments&post=294"}],"version-history":[{"count":18,"href":"https:\/\/azzurroticino.it\/index.php?rest_route=\/wp\/v2\/pages\/294\/revisions"}],"predecessor-version":[{"id":744,"href":"https:\/\/azzurroticino.it\/index.php?rest_route=\/wp\/v2\/pages\/294\/revisions\/744"}],"wp:featuredmedia":[{"embeddable":true,"href":"https:\/\/azzurroticino.it\/index.php?rest_route=\/wp\/v2\/media\/309"}],"wp:attachment":[{"href":"https:\/\/azzurroticino.it\/index.php?rest_route=%2Fwp%2Fv2%2Fmedia&parent=294"}],"curies":[{"name":"wp","href":"https:\/\/api.w.org\/{rel}","templated":true}]}}