{"id":19,"date":"2012-01-08T19:19:12","date_gmt":"2012-01-08T18:19:12","guid":{"rendered":"http:\/\/gpademo.it\/ticino\/?page_id=19"},"modified":"2021-10-05T09:48:09","modified_gmt":"2021-10-05T08:48:09","slug":"vola-con-me","status":"publish","type":"page","link":"https:\/\/azzurroticino.it\/?page_id=19","title":{"rendered":"VOLA CON ME ! pubblicit\u00e0 progresso"},"content":{"rendered":"<p align=\"justify\"><a href=\"http:\/\/azzurroticino.it\/wp-content\/uploads\/2012\/01\/DSC03756.jpg\"><img fetchpriority=\"high\" decoding=\"async\" class=\"size-large wp-image-98 aligncenter\" src=\"http:\/\/azzurroticino.it\/wp-content\/uploads\/2012\/01\/DSC03756-768x1024.jpg\" alt=\"PRONTI AL DECOLLO\" width=\"590\" height=\"786\" srcset=\"https:\/\/azzurroticino.it\/wp-content\/uploads\/2012\/01\/DSC03756-768x1024.jpg 768w, https:\/\/azzurroticino.it\/wp-content\/uploads\/2012\/01\/DSC03756-225x300.jpg 225w, https:\/\/azzurroticino.it\/wp-content\/uploads\/2012\/01\/DSC03756.jpg 1944w\" sizes=\"(max-width: 590px) 100vw, 590px\" \/><\/a><\/p>\n<p align=\"justify\"><span style=\"font-family: Arial; font-size: large;\"><img decoding=\"async\" src=\"http:\/\/www.azzurroticino.it\/NEWS.jpg\" alt=\"\" width=\"58\" height=\"43\" border=\"0\" \/><a title=\"LA MIA BIOGRAFIA COME PILOTA\" href=\"?page_id=61\">CLIKKA QUI PER VEDERE LE MIE REFERENZE COME PILOTA<\/a><\/span><\/p>\n<p align=\"justify\"><span style=\"color: #ff0000; font-size: xx-large;\"><strong><img decoding=\"async\" src=\"http:\/\/www.azzurroticino.it\/ne19.gif\" alt=\"\" width=\"53\" height=\"38\" border=\"0\" \/><\/strong><\/span><span style=\"font-family: Arial;\"><a title=\"LA MIA BIOGRAFIA COME BIKER\" href=\"?page_id=64\">E PER BUONA MISURA KLIKKA QUI PER VEDERE LE MIE REFERENZE COME BIKER<\/a><\/span><\/p>\n<p data-wp-editing=\"1\"><strong><img decoding=\"async\" src=\"http:\/\/www.azzurroticino.it\/ne19.gif\" alt=\"\" width=\"53\" height=\"38\" border=\"0\" \/>\u00a0 <\/strong><a href=\"https:\/\/www.youtube.com\/results?search_query=garavaglia+angelo+carlo\">SE VUOI VEDERE I MIEI VOLI IN PARAPENDIO <span style=\"color: #000080;\">BIPOSTO<\/span>\u00a0<\/a><\/p>\n<p align=\"justify\"><span style=\"font-family: Arial;\"><strong><img decoding=\"async\" src=\"http:\/\/www.azzurroticino.it\/ne19.gif\" alt=\"\" width=\"53\" height=\"38\" border=\"0\" \/><\/strong> <span style=\"color: #000080;\"><strong>SE VUOI VOLARE CON ME IN PARAPENDIO BIPOSTO, MANDAMI UN SMS CON SCRITTO &#8220;VOGLIO VOLARE&#8221; AL 3475423893.<\/strong> <\/span><\/span><\/p>\n<p style=\"padding-left: 40px;\" align=\"justify\"><span style=\"font-family: Arial;\">Io inserir\u00f2 il tuo cellulare nella mia phone list. E ogni venerd\u00ec, se per il fine settimana la meteo \u00e8 favorevole, riceverai un messaggio che il sabato e la domenica successiva \u00e8 buona per il volo&#8230; Se sei libero, e sei veloce, prenoterai il tuo volo&#8230;<\/span><\/p>\n<p style=\"padding-left: 40px;\" align=\"justify\"><span style=\"font-family: Arial;\">La meteo io la rilevo dal sito :<\/span><\/p>\n<p align=\"justify\"><span style=\"font-family: Arial;\">&#8211;\u00a0<a href=\"http:\/\/www.astrogeo.va.it\/\">www.astrogeo.va.it<\/a><\/span><\/p>\n<p style=\"padding-left: 40px;\" align=\"justify\"><span style=\"font-family: Arial;\">Fuori di metafora, il volo \u00e8 il condensato dei sogni della specie umana. Il volo in parapendio biposto \u00e8 la risorsa pi\u00f9 comoda, facile, economica e sicura per entrare in questo sogno. Decidere di venire a volare non ti risparmia per\u00f2 il risorgere di qualche fantasma dell&#8217;inconscio o qualche notte prima di agitazione. Ti propongo alcune riflessioni per aiutarti ad\u00a0\u00a0<em>elaborare\u00a0<\/em>la decisione che hai preso.<\/span><\/p>\n<p style=\"padding-left: 40px;\" align=\"justify\"><span style=\"font-family: Arial;\">Tecnicamente le uniche due situazioni delicate del biposto sono : IL DECOLLO E L&#8217;ATTERRAGGIO. Il periodo che passa fra il decollo e l&#8217;atterraggio pu\u00f2 essere o meno funestato da un unico inquilino indesiderato : il conato di vomito, per questo \u00e8 opportuno stare leggeri di stomaco.<\/span><\/p>\n<p style=\"padding-left: 40px;\" align=\"justify\"><span style=\"font-family: Arial;\">Quello che rende delicato il decollo \u00e8 che il passeggero \u00e8 imbragato davanti al pilota e per decollare \u00e8 necessario che faccia una piccola corsetta in avanti verso la discesa. La pratica di ogni sport prevede che lo sportivo si confronti con un qualcosa di innaturale e lo vinca : per lo sci si tratta di guardare a valle anzich\u00e8 il pi\u00f9 rassicurante guardare verso monte, per il nuoto si tratta di infilare la testa sott&#8217;acqua, per il calcio si tratta di tenere la palla fra i piedi senza guardarla&#8230;\u00a0<span style=\"color: #0000ff;\">PER IL PARAPENDIO SI TRATTA DI MUOVERE DEI PASSI IN DISCESA TENENDO IL BUSTO IN AVANTI &#8230;<\/span><\/span><\/p>\n<p style=\"padding-left: 40px;\" align=\"justify\"><span style=\"font-family: Arial;\">Tuttavia la posizione innaturale viene resa possibile dalla FIDUCIA.<\/span><\/p>\n<p style=\"padding-left: 40px;\" align=\"justify\"><span style=\"font-family: Arial;\">Il pilota si \u00e8 costruito questa fiducia andando gi\u00f9 per il campetto, all&#8217;inizio della scuola, scoprendo via via che la vela, aprendosi sopra la propria testa, entra in portanza e sorregge il suo peso.<\/span><\/p>\n<p style=\"padding-left: 40px;\" align=\"justify\"><span style=\"font-family: Arial;\">Il passeggero non ha fatto campetti : e la fiducia non ha il tempo di costruirsela per la vela, pu\u00f2 al massimo costruirsene un po&#8217; per il pilota&#8230;<\/span><\/p>\n<p style=\"padding-left: 40px;\" align=\"justify\"><span style=\"font-family: Arial;\">Ci siamo imbragati insieme, tu sei davanti a me, ti dico vai e tu fai 2 o 3 passi in discesa. I cordini entrano in trazione e la vela si alza fino ad arrivare sopra la nostra testa.<\/span><\/p>\n<p style=\"padding-left: 40px;\" align=\"justify\"><span style=\"font-family: Arial;\">Se c&#8217;\u00e8 brezza che sale ci pensa lei a gonfiare la vela sopra la nostra testa : facciamo due passi e facciamo trazione fin quando \u00e8 sopra la nostra testa. E questo \u00e8 il momento delicato : finita la trazione il passeggero crede che ci penser\u00e0 la brezza anche a tirarci su e smette di andare avanti, si pianta davanti al pilota. E a questo punto o il pilota \u00e8 lesto a sorpassare il passeggero e a trascinarselo, oppure la vela passa davanti a tutti e due e il decollo miseramente abortisce.<\/span><\/p>\n<p style=\"padding-left: 40px;\" align=\"justify\"><span style=\"font-family: Arial;\">Se la brezza non c&#8217;\u00e8, allora si tratta di correre per una ventina di passi in discesa : passeggero davanti, pilota dietro : sincronizzati. Se il passeggero si impianta vale quanto detto sopra.<\/span><\/p>\n<p style=\"padding-left: 40px;\" align=\"justify\"><span style=\"font-family: Arial;\">Un consiglio : continuare a correre anche quando ci si sente sollevare! E&#8217; possibile che la portanza della vela non sia valida e si ritorni per qualche attimo con i piedi a terra : se ne siamo consci siamo gi\u00e0 pronti a fare ancora qualche passo&#8230; Se non ne siamo consci ci troviamo con il classico &#8220;c&#8230; (sedere) per terra&#8221;.<\/span><\/p>\n<p style=\"padding-left: 40px;\" align=\"justify\"><span style=\"font-family: Arial;\">SIAMO IN VOLO.<\/span><\/p>\n<p style=\"padding-left: 40px;\" align=\"justify\"><span style=\"font-family: Arial;\">Quando te lo dico io ti metterai a posto nell&#8217;imbrago.<\/span><\/p>\n<p style=\"padding-left: 40px;\" align=\"justify\"><span style=\"font-family: Arial;\">Se troviamo qualche termica la giriamo come fanno gli uccelli e andiamo su&#8230; Se te la senti&#8230;<\/span><\/p>\n<p style=\"padding-left: 40px;\" align=\"justify\"><span style=\"font-family: Arial;\">Altrimenti andiamo fuori dritti verso l&#8217;atterraggio&#8230;<\/span><\/p>\n<p align=\"justify\"><span style=\"font-family: Arial;\">Imposteremo l&#8217;atterraggio&#8230;<\/span><\/p>\n<p align=\"justify\"><span style=\"font-family: Arial;\">Sotto l&#8217;imbrago del passeggero c&#8217;\u00e8 un pallone ben gonfio che \u00e8 stato studiato apposta per attutire l&#8217;urto. Io consiglio di restare comodamente seduti e alzare le gambe . . . il pallone far\u00e0 il resto . . . Si tenga presente che il 90% dei sinistri liquidati dalla compagnia di assicurazione sono per guai alla caviglia del passeggero . . . Si atterra su un terreno accidentato per cui . . . magari non sar\u00e0 un atterraggio elegante . . . ma evita qualsiasi incognita . . .<\/span><\/p>\n<p style=\"padding-left: 40px;\" align=\"justify\">BUON VOLO E ARRIVEDERCI ! ! ! !<\/p>\n\n\n\n","protected":false},"excerpt":{"rendered":"<p>CLIKKA QUI PER VEDERE LE MIE REFERENZE COME PILOTA E PER BUONA MISURA KLIKKA QUI PER VEDERE LE MIE REFERENZE COME BIKER \u00a0 SE VUOI VEDERE I MIEI VOLI IN PARAPENDIO BIPOSTO\u00a0 SE VUOI VOLARE CON ME IN PARAPENDIO BIPOSTO, MANDAMI UN SMS CON SCRITTO &#8220;VOGLIO VOLARE&#8221; AL 3475423893. Io inserir\u00f2 il tuo cellulare nella [&hellip;]<\/p>\n","protected":false},"author":1,"featured_media":0,"parent":0,"menu_order":0,"comment_status":"open","ping_status":"open","template":"","meta":{"footnotes":""},"class_list":["post-19","page","type-page","status-publish","hentry"],"_links":{"self":[{"href":"https:\/\/azzurroticino.it\/index.php?rest_route=\/wp\/v2\/pages\/19","targetHints":{"allow":["GET"]}}],"collection":[{"href":"https:\/\/azzurroticino.it\/index.php?rest_route=\/wp\/v2\/pages"}],"about":[{"href":"https:\/\/azzurroticino.it\/index.php?rest_route=\/wp\/v2\/types\/page"}],"author":[{"embeddable":true,"href":"https:\/\/azzurroticino.it\/index.php?rest_route=\/wp\/v2\/users\/1"}],"replies":[{"embeddable":true,"href":"https:\/\/azzurroticino.it\/index.php?rest_route=%2Fwp%2Fv2%2Fcomments&post=19"}],"version-history":[{"count":15,"href":"https:\/\/azzurroticino.it\/index.php?rest_route=\/wp\/v2\/pages\/19\/revisions"}],"predecessor-version":[{"id":747,"href":"https:\/\/azzurroticino.it\/index.php?rest_route=\/wp\/v2\/pages\/19\/revisions\/747"}],"wp:attachment":[{"href":"https:\/\/azzurroticino.it\/index.php?rest_route=%2Fwp%2Fv2%2Fmedia&parent=19"}],"curies":[{"name":"wp","href":"https:\/\/api.w.org\/{rel}","templated":true}]}}